{"id":418,"date":"2014-01-29T17:49:13","date_gmt":"2014-01-29T17:49:13","guid":{"rendered":"https:\/\/www.sumplastecnic.es\/plasticos-personalizados\/?page_id=418"},"modified":"2021-01-12T12:10:23","modified_gmt":"2021-01-12T12:10:23","slug":"decoracion-2","status":"publish","type":"page","link":"https:\/\/www.sumplastecnic.es\/plasticos-personalizados\/decoracion-2\/","title":{"rendered":"DECORACION"},"content":{"rendered":"\t\t<div data-elementor-type=\"wp-page\" data-elementor-id=\"418\" class=\"elementor elementor-418\" data-elementor-post-type=\"page\">\n\t\t\t\t\t\t<section class=\"elementor-section elementor-top-section elementor-element elementor-element-24079382 elementor-section-height-min-height elementor-section-boxed elementor-section-height-default elementor-section-items-middle\" data-id=\"24079382\" data-element_type=\"section\" data-e-type=\"section\">\n\t\t\t\t\t\t<div class=\"elementor-container elementor-column-gap-default\">\n\t\t\t\t\t<div class=\"elementor-column elementor-col-100 elementor-top-column elementor-element elementor-element-60599a76\" data-id=\"60599a76\" data-element_type=\"column\" data-e-type=\"column\">\n\t\t\t<div class=\"elementor-widget-wrap elementor-element-populated\">\n\t\t\t\t\t\t<div class=\"elementor-element elementor-element-4fcb069f elementor-widget elementor-widget-text-editor\" data-id=\"4fcb069f\" data-element_type=\"widget\" data-e-type=\"widget\" data-widget_type=\"text-editor.default\">\n\t\t\t\t<div class=\"elementor-widget-container\">\n\t\t\t\t\t\t\t\t\t<p style=\"text-align: center;\"><img fetchpriority=\"high\" decoding=\"async\" class=\"size-full wp-image-422\" src=\"https:\/\/www.sumplastecnic.es\/plasticos-personalizados\/wp-content\/uploads\/2014\/01\/1024x711metacrilato3Opal1.jpg\" alt=\"1024x711metacrilato3Opal\" width=\"512\" height=\"356\" srcset=\"https:\/\/www.sumplastecnic.es\/plasticos-personalizados\/wp-content\/uploads\/2014\/01\/1024x711metacrilato3Opal1.jpg 512w, https:\/\/www.sumplastecnic.es\/plasticos-personalizados\/wp-content\/uploads\/2014\/01\/1024x711metacrilato3Opal1-300x208.jpg 300w\" sizes=\"(max-width: 512px) 100vw, 512px\" \/><\/p><p>Los materiales pl\u00e1sticos en decoraci\u00f3n son usados por su gran gama de colores espesores y acabados, con ellos se pueden realizar cualquier dise\u00f1o de una sola pieza o bien elementos completos, que combinados con la luz producen efectos incre\u00edbles.<\/p><ul><li>Decoraci\u00f3n<\/li><li>Merchandising<\/li><li>Mobiliario<\/li><li>Arquitectura<\/li><\/ul>\t\t\t\t\t\t\t\t<\/div>\n\t\t\t\t<\/div>\n\t\t\t\t\t<\/div>\n\t\t<\/div>\n\t\t\t\t\t<\/div>\n\t\t<\/section>\n\t\t\t\t<section class=\"elementor-section elementor-top-section elementor-element elementor-element-ee512c2 elementor-section-boxed elementor-section-height-default elementor-section-height-default\" data-id=\"ee512c2\" data-element_type=\"section\" data-e-type=\"section\">\n\t\t\t\t\t\t<div class=\"elementor-container elementor-column-gap-default\">\n\t\t\t\t\t<div class=\"elementor-column elementor-col-100 elementor-top-column elementor-element elementor-element-6d0a515\" data-id=\"6d0a515\" data-element_type=\"column\" data-e-type=\"column\">\n\t\t\t<div class=\"elementor-widget-wrap elementor-element-populated\">\n\t\t\t\t\t\t<div class=\"elementor-element elementor-element-be016e7 elementor-widget elementor-widget-spacer\" data-id=\"be016e7\" data-element_type=\"widget\" data-e-type=\"widget\" data-widget_type=\"spacer.default\">\n\t\t\t\t<div class=\"elementor-widget-container\">\n\t\t\t\t\t\t\t<div class=\"elementor-spacer\">\n\t\t\t<div class=\"elementor-spacer-inner\"><\/div>\n\t\t<\/div>\n\t\t\t\t\t\t<\/div>\n\t\t\t\t<\/div>\n\t\t\t\t\t<\/div>\n\t\t<\/div>\n\t\t\t\t\t<\/div>\n\t\t<\/section>\n\t\t\t\t<\/div>\n\t\t","protected":false},"excerpt":{"rendered":"<p>Los materiales pl\u00e1sticos en decoraci\u00f3n son usados por su gran gama de colores espesores y acabados, con ellos se pueden realizar cualquier dise\u00f1o de una sola pieza o bien elementos completos, que combinados con la luz producen efectos incre\u00edbles. Decoraci\u00f3n Merchandising Mobiliario Arquitectura<\/p>\n","protected":false},"author":2,"featured_media":0,"parent":0,"menu_order":0,"comment_status":"closed","ping_status":"open","template":"elementor_header_footer","meta":{"site-sidebar-layout":"default","site-content-layout":"default","ast-site-content-layout":"default","site-content-style":"default","site-sidebar-style":"default","ast-global-header-display":"","ast-banner-title-visibility":"","ast-main-header-display":"","ast-hfb-above-header-display":"","ast-hfb-below-header-display":"","ast-hfb-mobile-header-display":"","site-post-title":"","ast-breadcrumbs-content":"","ast-featured-img":"","footer-sml-layout":"","ast-disable-related-posts":"","theme-transparent-header-meta":"default","adv-header-id-meta":"","stick-header-meta":"","header-above-stick-meta":"","header-main-stick-meta":"","header-below-stick-meta":"","astra-migrate-meta-layouts":"default","ast-page-background-enabled":"default","ast-page-background-meta":{"desktop":{"background-color":"","background-image":"","background-repeat":"repeat","background-position":"center center","background-size":"auto","background-attachment":"scroll","background-type":"","background-media":"","overlay-type":"","overlay-color":"","overlay-opacity":"","overlay-gradient":""},"tablet":{"background-color":"","background-image":"","background-repeat":"repeat","background-position":"center center","background-size":"auto","background-attachment":"scroll","background-type":"","background-media":"","overlay-type":"","overlay-color":"","overlay-opacity":"","overlay-gradient":""},"mobile":{"background-color":"","background-image":"","background-repeat":"repeat","background-position":"center center","background-size":"auto","background-attachment":"scroll","background-type":"","background-media":"","overlay-type":"","overlay-color":"","overlay-opacity":"","overlay-gradient":""}},"ast-content-background-meta":{"desktop":{"background-color":"var(--ast-global-color-5)","background-image":"","background-repeat":"repeat","background-position":"center center","background-size":"auto","background-attachment":"scroll","background-type":"","background-media":"","overlay-type":"","overlay-color":"","overlay-opacity":"","overlay-gradient":""},"tablet":{"background-color":"var(--ast-global-color-5)","background-image":"","background-repeat":"repeat","background-position":"center center","background-size":"auto","background-attachment":"scroll","background-type":"","background-media":"","overlay-type":"","overlay-color":"","overlay-opacity":"","overlay-gradient":""},"mobile":{"background-color":"var(--ast-global-color-5)","background-image":"","background-repeat":"repeat","background-position":"center center","background-size":"auto","background-attachment":"scroll","background-type":"","background-media":"","overlay-type":"","overlay-color":"","overlay-opacity":"","overlay-gradient":""}},"footnotes":""},"class_list":["post-418","page","type-page","status-publish","hentry"],"_links":{"self":[{"href":"https:\/\/www.sumplastecnic.es\/plasticos-personalizados\/wp-json\/wp\/v2\/pages\/418","targetHints":{"allow":["GET"]}}],"collection":[{"href":"https:\/\/www.sumplastecnic.es\/plasticos-personalizados\/wp-json\/wp\/v2\/pages"}],"about":[{"href":"https:\/\/www.sumplastecnic.es\/plasticos-personalizados\/wp-json\/wp\/v2\/types\/page"}],"author":[{"embeddable":true,"href":"https:\/\/www.sumplastecnic.es\/plasticos-personalizados\/wp-json\/wp\/v2\/users\/2"}],"replies":[{"embeddable":true,"href":"https:\/\/www.sumplastecnic.es\/plasticos-personalizados\/wp-json\/wp\/v2\/comments?post=418"}],"version-history":[{"count":19,"href":"https:\/\/www.sumplastecnic.es\/plasticos-personalizados\/wp-json\/wp\/v2\/pages\/418\/revisions"}],"predecessor-version":[{"id":1953,"href":"https:\/\/www.sumplastecnic.es\/plasticos-personalizados\/wp-json\/wp\/v2\/pages\/418\/revisions\/1953"}],"wp:attachment":[{"href":"https:\/\/www.sumplastecnic.es\/plasticos-personalizados\/wp-json\/wp\/v2\/media?parent=418"}],"curies":[{"name":"wp","href":"https:\/\/api.w.org\/{rel}","templated":true}]}}