{"id":1205,"date":"2020-06-02T15:56:12","date_gmt":"2020-06-02T15:56:12","guid":{"rendered":"https:\/\/www.sumplastecnic.es\/plasticos-personalizados\/?page_id=1205"},"modified":"2020-06-02T15:56:39","modified_gmt":"2020-06-02T15:56:39","slug":"politica-de-cookies","status":"publish","type":"page","link":"https:\/\/www.sumplastecnic.es\/plasticos-personalizados\/politica-de-cookies\/","title":{"rendered":"POLITICA DE COOKIES"},"content":{"rendered":"\t\t<div data-elementor-type=\"wp-page\" data-elementor-id=\"1205\" class=\"elementor elementor-1205\" data-elementor-post-type=\"page\">\n\t\t\t\t\t\t<section class=\"elementor-section elementor-top-section elementor-element elementor-element-ee63d66 elementor-section-boxed elementor-section-height-default elementor-section-height-default\" data-id=\"ee63d66\" data-element_type=\"section\" data-e-type=\"section\">\n\t\t\t\t\t\t<div class=\"elementor-container elementor-column-gap-default\">\n\t\t\t\t\t<div class=\"elementor-column elementor-col-100 elementor-top-column elementor-element elementor-element-d0c6d49\" data-id=\"d0c6d49\" data-element_type=\"column\" data-e-type=\"column\">\n\t\t\t<div class=\"elementor-widget-wrap elementor-element-populated\">\n\t\t\t\t\t\t<div class=\"elementor-element elementor-element-4b7576e elementor-widget elementor-widget-text-editor\" data-id=\"4b7576e\" data-element_type=\"widget\" data-e-type=\"widget\" data-widget_type=\"text-editor.default\">\n\t\t\t\t<div class=\"elementor-widget-container\">\n\t\t\t\t\t\t\t\t\t<div class=\"central_title privacy top\"><h2>Pol\u00edtica de Cookies<\/h2><\/div><p>A fin de dar cumplimiento a lo dispuesto en el art\u00edculo 22 de la Ley 34\/2002, de 11 de julio, de servicios de la sociedad de la informaci\u00f3n y de comercio electr\u00f3nico, le informamos que la presente Pol\u00edtica informa y regula el uso de cookies en el portal de internet\u00a0<a href=\"http:\/\/www.centraldeenvases.es\/\">http:\/\/www.sumplastecnic.es<\/a>, en adelante el Website, titularidad de\u00a0<a id=\"_GoBack\" name=\"_GoBack\"><\/a><strong>3 Opal Central de Envases, S.L.L.<\/strong><\/p><ul><li><strong>Definici\u00f3n y tipolog\u00eda de cookies.<\/strong><\/li><\/ul><p>Una cookie es un fichero que se descarga en su ordenador al acceder a determinadas p\u00e1ginas web. Las cookies permiten a una p\u00e1gina web, entre otras cosas, almacenar y recuperar informaci\u00f3n sobre los h\u00e1bitos de navegaci\u00f3n un usuario o de su equipo y, dependiendo de la informaci\u00f3n que contengan y de la forma en que utilice su equipo, pueden utilizarse para reconocer al usuario.<\/p><p>A continuaci\u00f3n, le indicamos una relaci\u00f3n de la tipolog\u00eda de cookies que utiliza nuestra p\u00e1gina web:<\/p><ul><li><u>Cookies propias<\/u>: Son aqu\u00e9llas que se env\u00edan al equipo terminal del usuario desde un equipo o dominio gestionado por nosotros y desde el que se presta el servicio solicitado por el usuario.<\/li><li><u>Cookies de tercero<\/u>: Son aqu\u00e9llas que se env\u00edan al equipo terminal del usuario desde un equipo o dominio que no es gestionado por nosotros, sino por otra entidad que trata los datos obtenidos a trav\u00e9s de las cookies (ej. las cookies usadas por los complementos de redes sociales).<\/li><li><u>Cookies de sesi\u00f3n<\/u>: Son un tipo de cookies dise\u00f1adas para recabar y almacenar datos mientras el usuario accede a una p\u00e1gina web.<\/li><li><u>Cookies persistentes<\/u>: Son un tipo de cookies en el que los datos siguen almacenados en el terminal y pueden ser accedidos y tratados durante un periodo definido por el responsable de la cookie, y que puede ir de unos minutos a varios a\u00f1os.<\/li><li><u>Cookies t\u00e9cnicas<\/u>: Son aqu\u00e9llas que permiten al usuario la navegaci\u00f3n a trav\u00e9s de nuestra p\u00e1gina web, plataforma o aplicaci\u00f3n y la utilizaci\u00f3n de las diferentes opciones o servicios que en ella ofrecemos como, por ejemplo, compartir contenidos a trav\u00e9s de redes sociales.<\/li><li><u>Cookie de personalizaci\u00f3n<\/u>: Son aquellas que permiten al usuario acceder al servicio con algunas caracter\u00edsticas de car\u00e1cter general predefinidas en funci\u00f3n de una serie de criterios en el terminal del usuario como, por ejemplo, el idioma utilizado.<\/li><li><u>Cookies de publicidad comportamental<\/u>: Son aqu\u00e9llas que permiten la gesti\u00f3n, de la forma m\u00e1s eficaz posible, de los espacios publicitarios de nuestra p\u00e1gina web. Estas cookies almacenan informaci\u00f3n del comportamiento de los usuarios obtenida a trav\u00e9s de la observaci\u00f3n continuada de sus h\u00e1bitos de navegaci\u00f3n, lo que permite desarrollar un perfil espec\u00edfico para mostrar publicidad en funci\u00f3n del mismo.<\/li><\/ul><ul><li><strong>Relaci\u00f3n y descripci\u00f3n de las cookies utilizadas en nuestra web.<\/strong><\/li><\/ul><p>En virtud de lo expuesto, a continuaci\u00f3n le facilitamos la relaci\u00f3n de las cookies utilizadas en nuestra web, identificando la finalidad y titularidad de las mismas:<\/p><table border=\"0\" cellspacing=\"0\" cellpadding=\"0\"><tbody><tr><td valign=\"top\" width=\"112\"><strong>Titularidad<\/strong><\/td><td valign=\"top\" width=\"114\"><p><strong>Cookie<\/strong><\/p><\/td><td valign=\"top\" width=\"151\"><p><strong>Plazo de tiempo que permanece activa<\/strong><\/p><\/td><td valign=\"top\" width=\"227\"><p><strong>Finalidad<\/strong><\/p><\/td><\/tr><tr><td rowspan=\"6\" valign=\"top\" width=\"112\"><p>Cookies propias<\/p><\/td><td valign=\"top\" width=\"114\"><p>cookiesDirective<\/p><\/td><td valign=\"top\" width=\"151\"><p>12 meses<\/p><\/td><td valign=\"top\" width=\"227\"><p>Esta cookie sirve para recordar la preferencia del usuario sobre su conformidad con el uso de cookies<\/p><\/td><\/tr><tr><td valign=\"top\" width=\"114\"><p>PHPSESSID<\/p><\/td><td valign=\"top\" width=\"151\"><p>Expira al finalizar sesi\u00f3n.<\/p><\/td><td valign=\"top\" width=\"227\"><p>Es un identificador de sesi\u00f3n \u00fanico para cada visitante al sitio web. De forma que pueda mantenerse identificado una vez ha introducido sus credenciales.<\/p><\/td><\/tr><tr><td valign=\"top\" width=\"114\"><p>woocommerce_recently_viewed<\/p><\/td><td valign=\"top\" width=\"151\"><p>Expira al finalizar la sesi\u00f3n<\/p><\/td><td valign=\"top\" width=\"227\"><p>Lista de referencias de productos recientemente visitados, para facilitar la navegaci\u00f3n por ellos al usuario<\/p><\/td><\/tr><tr><td valign=\"top\" width=\"114\"><p>wc_session_cookie_*<\/p><\/td><td valign=\"top\" width=\"151\"><p>Expira al finalizar la sesi\u00f3n<\/p><\/td><td valign=\"top\" width=\"227\"><p>Sirve para recordar las preferencias del usuario en el \u00e1rea de la tienda.<\/p><\/td><\/tr><tr><td valign=\"top\" width=\"114\"><p>*_reminder<\/p><\/td><td valign=\"top\" width=\"151\"><p>12 meses<\/p><\/td><td valign=\"top\" width=\"227\"><p>Cookie para recordar que el usuario ha cerrado un cuadro de informaci\u00f3n emergente, de forma que no se le vuelva a mostrar.<\/p><\/td><\/tr><tr><td valign=\"top\" width=\"114\"><p>icl_current_language<\/p><\/td><td valign=\"top\" width=\"151\"><p>1 mes<\/p><\/td><td valign=\"top\" width=\"227\"><p>Almacena la preferencia de idoma del usuario, para que no tenga que volver a seleccionarlo al volver al sitio.<\/p><\/td><\/tr><tr><td rowspan=\"5\" valign=\"top\" width=\"112\"><p>Google Analytics<\/p><\/td><td valign=\"top\" width=\"114\"><p>_utma<\/p><\/td><td valign=\"top\" width=\"151\"><p>Expira a los 2 a\u00f1os.<\/p><\/td><td valign=\"top\" width=\"227\"><p>Esta cookie genera un ID de usuario \u00fanico, que es el que se utiliza para hacer recuento de cuantas veces visita el sitio un usuario. Tambi\u00e9n registra cuando fue la primera y la \u00faltima vez que visti\u00f3 la web.<\/p><\/td><\/tr><tr><td valign=\"top\" width=\"114\"><p>_utmb<\/p><\/td><td valign=\"top\" width=\"151\"><p>Expira a los 30 minutos.<\/p><\/td><td rowspan=\"2\" valign=\"top\" width=\"227\"><p>Estas 2 cookies se usan para calcular cuando se ha terminado una sesi\u00f3n.\u00a0<br \/>La \u201c<em>_utmb<\/em>\u201d registra la hora de llegada a la p\u00e1gina mientras que la \u201c<em>_utmc<\/em>\u201d comprueba si se debe mantener la sesi\u00f3n abierta o se debe crear una sesi\u00f3n nueva.\u00a0<br \/>Cuando se carga la p\u00e1gina, si la \u201c<em>_utmc<\/em>\u201d no existe, se considera que es una sesi\u00f3n nueva. Si a\u00fan existe, se mantiene la sesi\u00f3n abierta. S\u00f3lo se puede calcular el tiempo en p\u00e1gina hasta la pen\u00faltima p\u00e1gina vista, ya que para calcular el tiempo se hace la resta entre el valor de la \u201cb\u201d en la p\u00e1gina actual y el valor de la \u201cb\u201den la p\u00e1gina anterior.<\/p><\/td><\/tr><tr><td valign=\"top\" width=\"114\"><p>_utmc<\/p><\/td><td valign=\"top\" width=\"151\"><p>Expira al finalizar sesi\u00f3n.<\/p><\/td><\/tr><tr><td valign=\"top\" width=\"114\"><p>_utmz<\/p><\/td><td valign=\"top\" width=\"151\"><p>Expira a los 6 meses, aunque se renueva cada vez que se visita la web siempre que no sea una visita directa.<\/p><\/td><td valign=\"top\" width=\"227\"><p>Se encarga de registrar el origen del usuario, as\u00ed como las\u00a0<em>keywords<\/em>.<\/p><\/td><\/tr><tr><td valign=\"top\" width=\"114\"><p>_ga<\/p><\/td><td valign=\"top\" width=\"151\"><p>24 meses<\/p><\/td><td valign=\"top\" width=\"227\"><p>Identifica la sesi\u00f3n del visitante durante su navegaci\u00f3n.<\/p><\/td><\/tr><tr><td rowspan=\"2\" valign=\"top\" width=\"112\"><p>YouTube<\/p><\/td><td valign=\"top\" width=\"114\"><p>YSC<\/p><\/td><td valign=\"top\" width=\"151\"><p>Expira al finalizar sesi\u00f3n.<\/p><\/td><td rowspan=\"3\" valign=\"top\" width=\"227\"><p>Utilizadas por YouTube para almacenar informaci\u00f3n estad\u00edstica de los usuarios que visualizan los v\u00eddeos y almacenar tambi\u00e9n sus preferencias (por ejemplo, el modo de visualizaci\u00f3n de los v\u00eddeos en youtube). Nuestro sitio utiliza de forma masiva la integraci\u00f3n de v\u00eddeos con YouTube y por esa raz\u00f3n est\u00e1s cookies est\u00e1n presentes. Al ser YouTube un servicio ofrecido por Google tiene una cookie \u201cPREF\u201d con el mismo nombre de la que veremos a continuaci\u00f3n.<\/p><\/td><\/tr><tr><td valign=\"top\" width=\"114\"><p>VISITOR_INFO1_LIVE<\/p><\/td><td valign=\"top\" width=\"151\"><p>Expira a los 8 meses.<\/p><\/td><\/tr><tr><td valign=\"top\" width=\"112\">\u00a0<\/td><td valign=\"top\" width=\"114\"><p>PREF<\/p><\/td><td valign=\"top\" width=\"151\"><p>Expira a los 10 a\u00f1os.<\/p><\/td><\/tr><tr><td valign=\"top\" width=\"112\"><p>Google<\/p><\/td><td valign=\"top\" width=\"114\"><p>PREF<\/p><\/td><td valign=\"top\" width=\"151\"><p>Expira a los 2 a\u00f1os.<\/p><\/td><td valign=\"top\" width=\"227\"><p>La mayor\u00eda de los usuarios de Google tienen en sus navegadores una cookie de preferencias denominada \u201cPREF\u201d. Un navegador env\u00eda esta cookie a trav\u00e9s de solicitudes a los sitios de Google. La cookie PREF puede almacenar tus preferencias y otra informaci\u00f3n, en concreto tu idioma preferido (por ejemplo, ingl\u00e9s), as\u00ed como el n\u00famero de resultados de b\u00fasqueda que quieres que se muestren por p\u00e1gina (por ejemplo, 10 o 20) y si quieres que est\u00e9 activado el filtro SafeSearch de Google.<\/p><\/td><\/tr><tr><td valign=\"top\">Histats<\/td><td valign=\"top\">Hst*<\/td><td valign=\"top\">Expira al a\u00f1o.<\/td><td valign=\"top\">Sirve para recordar n\u00famero de p\u00e1ginas vistas, referidos, frecuencia, etc<\/td><\/tr><tr><td valign=\"top\">\u00a0<\/td><td valign=\"top\"><p>Contuid<\/p><\/td><td valign=\"top\">Expira al a\u00f1o.<\/td><td valign=\"top\">Esta cookie genera un ID de usuario \u00fanico, que es el que se utiliza para hacer recuento de cuantas veces visita el sitio un usuario. Tambi\u00e9n registra cuando fue la primera y la \u00faltima vez que visti\u00f3 la web.<\/td><\/tr><tr><td valign=\"top\" width=\"112\"><p>Purechat<\/p><\/td><td valign=\"top\" width=\"114\"><p>_zlcid<\/p><\/td><td valign=\"top\" width=\"151\"><p>Expira al a\u00f1o.<\/p><\/td><td valign=\"top\" width=\"227\"><p>A trav\u00e9s del servicio de Purechat ofrecemos un chat online para todos los visitantes de la p\u00e1gina. Esta cookie almacena un identificador \u00fanico para cada visitante de tal manera que pueda identificarse si decide utilizar el servicio de chat.<\/p><\/td><\/tr><\/tbody><\/table><ul><li><strong>C\u00f3mo deshabilitar y\/o eliminar las cookies<\/strong>.<\/li><\/ul><p>Usted puede configurar su navegador de forma que no acepte la instalaci\u00f3n de cookies, adem\u00e1s de poder eliminar las cookies ya instaladas.\u00a0<br \/>En este sentido, a continuaci\u00f3n le indicamos el procedimiento a seguir para acceder al men\u00fa de configuraci\u00f3n de las cookies de los principales navegadores:<\/p><ul><li><strong>Google Chrome:<\/strong><a href=\"https:\/\/support.google.com\/chrome\/answer\/95647?hl=es\">Gu\u00eda de Google Chrome para la administraci\u00f3n de las cookies<\/a>.\u00a0<\/li><li><strong>Internet Explorer:<\/strong><a href=\"http:\/\/windows.microsoft.com\/es-es\/windows-vista\/block-or-allow-cookies\">Gu\u00eda de Internet Explorer para la administraci\u00f3n de las cookies<\/a>.\u00a0<\/li><li><strong>Mozilla Firefox:<\/strong><a href=\"https:\/\/support.mozilla.org\/es\/kb\/habilitar-y-deshabilitar-cookies-que-los-sitios-we\">Gu\u00eda de Mozilla Firefox para la administraci\u00f3n de las cookies<\/a>.\u00a0<\/li><li><strong>Opera:<\/strong><a href=\"http:\/\/help.opera.com\/Windows\/11.50\/es-ES\/cookies.html\">Gu\u00eda de Opera para la administraci\u00f3n de las cookies<\/a>.\u00a0<\/li><li><strong>Safari:<\/strong><a href=\"https:\/\/support.apple.com\/kb\/HT1677?viewlocale=es_ES\">Gu\u00eda de Safari para la administraci\u00f3n de las cookies<\/a>.\u00a0<\/li><\/ul><p>Si usted desea revocar su consentimiento respecto al uso de cookies, p\u00f3ngase en contacto con nosotros a trav\u00e9s del correo electr\u00f3nico [<a href=\"mailto:info@centraldeenvases.es\">info@centraldeenvases.es<\/a>] o la direcci\u00f3n\u00a0<br \/>3 Opal Central de Envases, S.L.L.\u00a0<br \/>Ctra M-111 KM 8,00\u00a0<br \/>(Carretera Paracuellos \u2013 Belvis)\u00a0<br \/>28860 Paracuellos del Jarama , Madrid<\/p>\t\t\t\t\t\t\t\t<\/div>\n\t\t\t\t<\/div>\n\t\t\t\t\t<\/div>\n\t\t<\/div>\n\t\t\t\t\t<\/div>\n\t\t<\/section>\n\t\t\t\t<\/div>\n\t\t","protected":false},"excerpt":{"rendered":"<p>Pol\u00edtica de Cookies A fin de dar cumplimiento a lo dispuesto en el art\u00edculo 22 de la Ley 34\/2002, de 11 de julio, de servicios de la sociedad de la informaci\u00f3n y de comercio electr\u00f3nico, le informamos que la presente Pol\u00edtica informa y regula el uso de cookies en el portal de internet\u00a0http:\/\/www.sumplastecnic.es, en adelante [&hellip;]<\/p>\n","protected":false},"author":2,"featured_media":0,"parent":0,"menu_order":0,"comment_status":"closed","ping_status":"closed","template":"","meta":{"site-sidebar-layout":"no-sidebar","site-content-layout":"page-builder","ast-site-content-layout":"default","site-content-style":"default","site-sidebar-style":"default","ast-global-header-display":"","ast-banner-title-visibility":"","ast-main-header-display":"","ast-hfb-above-header-display":"","ast-hfb-below-header-display":"","ast-hfb-mobile-header-display":"","site-post-title":"disabled","ast-breadcrumbs-content":"","ast-featured-img":"disabled","footer-sml-layout":"","ast-disable-related-posts":"","theme-transparent-header-meta":"default","adv-header-id-meta":"","stick-header-meta":"","header-above-stick-meta":"","header-main-stick-meta":"","header-below-stick-meta":"","astra-migrate-meta-layouts":"default","ast-page-background-enabled":"default","ast-page-background-meta":{"desktop":{"background-color":"","background-image":"","background-repeat":"repeat","background-position":"center center","background-size":"auto","background-attachment":"scroll","background-type":"","background-media":"","overlay-type":"","overlay-color":"","overlay-opacity":"","overlay-gradient":""},"tablet":{"background-color":"","background-image":"","background-repeat":"repeat","background-position":"center center","background-size":"auto","background-attachment":"scroll","background-type":"","background-media":"","overlay-type":"","overlay-color":"","overlay-opacity":"","overlay-gradient":""},"mobile":{"background-color":"","background-image":"","background-repeat":"repeat","background-position":"center center","background-size":"auto","background-attachment":"scroll","background-type":"","background-media":"","overlay-type":"","overlay-color":"","overlay-opacity":"","overlay-gradient":""}},"ast-content-background-meta":{"desktop":{"background-color":"var(--ast-global-color-5)","background-image":"","background-repeat":"repeat","background-position":"center center","background-size":"auto","background-attachment":"scroll","background-type":"","background-media":"","overlay-type":"","overlay-color":"","overlay-opacity":"","overlay-gradient":""},"tablet":{"background-color":"var(--ast-global-color-5)","background-image":"","background-repeat":"repeat","background-position":"center center","background-size":"auto","background-attachment":"scroll","background-type":"","background-media":"","overlay-type":"","overlay-color":"","overlay-opacity":"","overlay-gradient":""},"mobile":{"background-color":"var(--ast-global-color-5)","background-image":"","background-repeat":"repeat","background-position":"center center","background-size":"auto","background-attachment":"scroll","background-type":"","background-media":"","overlay-type":"","overlay-color":"","overlay-opacity":"","overlay-gradient":""}},"footnotes":""},"class_list":["post-1205","page","type-page","status-publish","hentry"],"_links":{"self":[{"href":"https:\/\/www.sumplastecnic.es\/plasticos-personalizados\/wp-json\/wp\/v2\/pages\/1205","targetHints":{"allow":["GET"]}}],"collection":[{"href":"https:\/\/www.sumplastecnic.es\/plasticos-personalizados\/wp-json\/wp\/v2\/pages"}],"about":[{"href":"https:\/\/www.sumplastecnic.es\/plasticos-personalizados\/wp-json\/wp\/v2\/types\/page"}],"author":[{"embeddable":true,"href":"https:\/\/www.sumplastecnic.es\/plasticos-personalizados\/wp-json\/wp\/v2\/users\/2"}],"replies":[{"embeddable":true,"href":"https:\/\/www.sumplastecnic.es\/plasticos-personalizados\/wp-json\/wp\/v2\/comments?post=1205"}],"version-history":[{"count":2,"href":"https:\/\/www.sumplastecnic.es\/plasticos-personalizados\/wp-json\/wp\/v2\/pages\/1205\/revisions"}],"predecessor-version":[{"id":1208,"href":"https:\/\/www.sumplastecnic.es\/plasticos-personalizados\/wp-json\/wp\/v2\/pages\/1205\/revisions\/1208"}],"wp:attachment":[{"href":"https:\/\/www.sumplastecnic.es\/plasticos-personalizados\/wp-json\/wp\/v2\/media?parent=1205"}],"curies":[{"name":"wp","href":"https:\/\/api.w.org\/{rel}","templated":true}]}}