{"id":1196,"date":"2020-06-02T15:53:34","date_gmt":"2020-06-02T15:53:34","guid":{"rendered":"https:\/\/www.sumplastecnic.es\/plasticos-personalizados\/?page_id=1196"},"modified":"2020-06-02T15:54:45","modified_gmt":"2020-06-02T15:54:45","slug":"politica-de-privacidad","status":"publish","type":"page","link":"https:\/\/www.sumplastecnic.es\/plasticos-personalizados\/politica-de-privacidad\/","title":{"rendered":"POLITICA DE PRIVACIDAD"},"content":{"rendered":"\t\t<div data-elementor-type=\"wp-page\" data-elementor-id=\"1196\" class=\"elementor elementor-1196\" data-elementor-post-type=\"page\">\n\t\t\t\t\t\t<section class=\"elementor-section elementor-top-section elementor-element elementor-element-f844d19 elementor-section-stretched elementor-section-full_width elementor-section-height-default elementor-section-height-default\" data-id=\"f844d19\" data-element_type=\"section\" data-e-type=\"section\" data-settings=\"{&quot;stretch_section&quot;:&quot;section-stretched&quot;}\">\n\t\t\t\t\t\t<div class=\"elementor-container elementor-column-gap-default\">\n\t\t\t\t\t<div class=\"elementor-column elementor-col-100 elementor-top-column elementor-element elementor-element-f96175f\" data-id=\"f96175f\" data-element_type=\"column\" data-e-type=\"column\">\n\t\t\t<div class=\"elementor-widget-wrap elementor-element-populated\">\n\t\t\t\t\t\t<div class=\"elementor-element elementor-element-9108eb2 elementor-widget elementor-widget-text-editor\" data-id=\"9108eb2\" data-element_type=\"widget\" data-e-type=\"widget\" data-widget_type=\"text-editor.default\">\n\t\t\t\t<div class=\"elementor-widget-container\">\n\t\t\t\t\t\t\t\t\t<p><b>RESPONSABLE DEL TRATAMIENTO<\/b><\/p><p>De conformidad con la normativa vigente de Protecci\u00f3n de Datos de Car\u00e1cter Personal le informamos que los datos proporcionados ser\u00e1n incorporados al fichero de clientes cuyo titular y responsable es 3 OPAL CENTRAL DE ENVASES, S.L.L\u00a0 con CIF: B86719770 y con direcci\u00f3n postal es Ctra. M 111 km 8 28860 PARACUELLOS DE JARAMA tel\u00e9fono 911337027 y direcci\u00f3n de correo electr\u00f3nico\u00a0administracion@centraldeenvases.es<\/p><p><b>FINALIDAD DEL TRATAMIENTO<\/b><\/p><p><br \/>En\u00a0<strong>3 OPAL CENTRAL DE ENVASES SLL<\/strong>, tratamos la informaci\u00f3n que nos facilitan las personas interesadas con el fin de:<\/p><p>\u2013 Registro para acceso a nuestra web, gestionar la relaci\u00f3n contractual de la venta de los productos ofertados por Central de Envases.<\/p><p>Exigencia de la gesti\u00f3n administrativa y contable, como la emisi\u00f3n y env\u00edo de facturas y cumplimiento de las leyes aplicables en materia fiscal y mercantil que le son de aplicaci\u00f3n.<\/p><p>\u2013 Permitir, con su consentimiento expl\u00edcito, la realizaci\u00f3n por\u00a0<strong>3 OPAL CENTRAL DE ENVASES SLL<\/strong>\u00a0de acciones de marketing de los productos y servicios de informaci\u00f3n comercial y promociones, formaci\u00f3n, seminarios, eventos, informaci\u00f3n comercial y actividades promocionales, incluido el env\u00edo de comunicados y material publicitario a trav\u00e9s de aplicaciones de mensajer\u00eda digital. Para esta finalidad sus datos ser\u00e1n conservados hasta la revocaci\u00f3n del consentimiento de prestarles el servicio solicitado, realizar la facturaci\u00f3n del mismo, informar sobre nuestros productos, mantener contacto directo por correo electr\u00f3nico o llamada telef\u00f3nica y en definitiva poder atender los compromisos derivados de la relaci\u00f3n comercial.<\/p><p><b>\u00bfPor cu\u00e1nto tiempo conservaremos sus datos?<\/b><\/p><p><br \/>Los datos personales proporcionados se conservar\u00e1n mientras se mantenga la relaci\u00f3n mercantil, durante los a\u00f1os necesarios para cumplir con las obligaciones legales o no se solicite su supresi\u00f3n por el interesado durante un plazo de 5 a\u00f1os a partir de la \u00faltima confirmaci\u00f3n de inter\u00e9s.<\/p><p><b>\u00bfCu\u00e1l es la legitimaci\u00f3n para el tratamiento de sus datos?<\/b><\/p><p><br \/>Los datos personales que nos proporcione ser\u00e1n utilizados por\u00a0<strong>3 OPAL CENTRAL DE ENVASES SLL<\/strong>\u00a0para las siguientes finalidades:<\/p><p>\u2013 Registro para acceso a nuestra web, gestionar la relaci\u00f3n contractual de la venta de equipamiento y servicios inform\u00e1ticos.<\/p><p>Registro en el sitio web para el acceso a los productos y servicios ofertados por\u00a0<strong>3 OPAL CENTRAL DE ENVASES SLL<\/strong>\u00a0a clientes y como requisito previo a la suscripci\u00f3n y ejecuci\u00f3n de contratos de venta y tutela de posiciones de cr\u00e9dito.<\/p><p>Exigencia de la gesti\u00f3n administrativa y contable, como la emisi\u00f3n y env\u00edo de facturas y cumplimiento de las leyes aplicables en materia fiscal y mercantil que le son de aplicaci\u00f3n. Para esta finalidad sus datos ser\u00e1n conservados durante el periodo establecido por ley.<\/p><p>\u2013 Permitir, con su consentimiento expl\u00edcito, la realizaci\u00f3n por\u00a0<strong>3 OPAL CENTRAL DE ENVASES SLL<\/strong>\u00a0de acciones de marketing de los productos y servicios de informaci\u00f3n comercial y promociones, formaci\u00f3n, seminarios, eventos, informaci\u00f3n comercial y actividades promocionales, incluido el env\u00edo de comunicados y material publicitario a trav\u00e9s de aplicaciones de mensajer\u00eda digital. Para esta finalidad sus datos ser\u00e1n conservados hasta la revocaci\u00f3n del consentimiento.<\/p><p><b>Cookies<\/b><\/p><p><strong>3 OPAL CENTRAL DE ENVASES SLL<\/strong>\u00a0le informa que al acceder al sitio web se podr\u00e1n enviar cookies a su ordenador seg\u00fan las modalidades descritas en la pol\u00edtica de cookies recogida en las condiciones de uso de la web.<\/p><p><b>Comunicaci\u00f3n y Cesi\u00f3n de datos a terceros<\/b><\/p><p>Los datos facilitados podr\u00e1n ser comunicados a:<\/p><p>\u2013 Autoridades fiscales, aduaneras y otras administraciones p\u00fablicas, as\u00ed como autoridades competentes en cumplimiento de la normativa aplicable.<\/p><p>\u2013 Entidades bancarias y entidades de gesti\u00f3n de pago.<\/p><p>\u2013 Sujetos que realicen actividades de transporte o env\u00edo.<\/p><p>\u2013 Despachos de abogados, consultoras y aseguradoras de riesgos de impago, as\u00ed como sujetos encargados de la contabilidad o de la auditor\u00eda de CENTRAL DE ENVASES, SLL<\/p><p>\u2013 Fabricantes o proveedores de los productos suministrados.<\/p><p>En la medida estrictamente necesaria para la ejecuci\u00f3n de la relaci\u00f3n contractual, con sus datos personales pueden cederse a terceros enumerados a continuaci\u00f3n, ubicados tanto dentro de la Uni\u00f3n Europea como fuera de la misma. En el caso de transferencia fuera de la UE \u00e9sta estar\u00e1 regulada por contratos espec\u00edficos dise\u00f1ados para exigir que el destinatario cumpla con las garant\u00edas iguales o superiores a las establecidas en la Uni\u00f3n Europea.<\/p><p>Los datos personales no ser\u00e1n, en ning\u00fan caso, objeto de difusi\u00f3n.<\/p><p><strong>3 OPAL CENTRAL DE ENVASES SLL<\/strong>\u00a0contrata su infraestructura virtual seg\u00fan un modelo de \u201ccomputaci\u00f3n en la nube\u201d a trav\u00e9s de AWS y al amparo del acuerdo EU-US Privacy Shield. \u2013 Informaci\u00f3n disponible en:\u00a0<a href=\"https:\/\/mailchimp.com\/\">https:\/\/mailchimp.com\/<\/a>\u00a0\u00a0<a href=\"https:\/\/mailrelay.com\/es\">https:\/\/mailrelay.com\/es<\/a><\/p><p><b>\u00bfCu\u00e1les son sus derechos cuando nos facilita sus datos?<\/b><\/p><p><br \/>Usted puede ejercer los derechos sobre los datos suministrados recogidos en el art. 3 del RGPD de acceso, rectificaci\u00f3n o supresi\u00f3n, limitaci\u00f3n de tratamiento o posici\u00f3n del tratamiento de los datos personales facilitados.<\/p><p>Puede ejercer dichos derechos o revocar los consentimientos del tratamiento dados enviando una petici\u00f3n al correo electr\u00f3nico\u00a0administracion@centraldeenvases.es, incluyendo una copia del DNI.<\/p><p>Para el ejercicio de los derechos o cualquier aclaraci\u00f3n que precise puede dirigir un correo electr\u00f3nico a\u00a0administracion@centraldeenvases.es, acreditando ser titular de los datos sobre los que quiere ejercer esos derechos.<\/p><p>Le informamos que usted puede presentar una reclamaci\u00f3n ante la Autoridad de Control en materia de Protecci\u00f3n de Datos competente si no obtiene satisfacci\u00f3n en el ejercicio de sus derechos.<\/p>\t\t\t\t\t\t\t\t<\/div>\n\t\t\t\t<\/div>\n\t\t\t\t\t<\/div>\n\t\t<\/div>\n\t\t\t\t\t<\/div>\n\t\t<\/section>\n\t\t\t\t<\/div>\n\t\t","protected":false},"excerpt":{"rendered":"<p>RESPONSABLE DEL TRATAMIENTO De conformidad con la normativa vigente de Protecci\u00f3n de Datos de Car\u00e1cter Personal le informamos que los datos proporcionados ser\u00e1n incorporados al fichero de clientes cuyo titular y responsable es 3 OPAL CENTRAL DE ENVASES, S.L.L&nbsp; con CIF: B86719770 y con direcci\u00f3n postal es Ctra. M 111 km 8 28860 PARACUELLOS DE [&hellip;]<\/p>\n","protected":false},"author":2,"featured_media":0,"parent":0,"menu_order":0,"comment_status":"closed","ping_status":"closed","template":"","meta":{"site-sidebar-layout":"no-sidebar","site-content-layout":"page-builder","ast-site-content-layout":"default","site-content-style":"default","site-sidebar-style":"default","ast-global-header-display":"","ast-banner-title-visibility":"","ast-main-header-display":"","ast-hfb-above-header-display":"","ast-hfb-below-header-display":"","ast-hfb-mobile-header-display":"","site-post-title":"disabled","ast-breadcrumbs-content":"","ast-featured-img":"disabled","footer-sml-layout":"","ast-disable-related-posts":"","theme-transparent-header-meta":"default","adv-header-id-meta":"","stick-header-meta":"","header-above-stick-meta":"","header-main-stick-meta":"","header-below-stick-meta":"","astra-migrate-meta-layouts":"default","ast-page-background-enabled":"default","ast-page-background-meta":{"desktop":{"background-color":"","background-image":"","background-repeat":"repeat","background-position":"center center","background-size":"auto","background-attachment":"scroll","background-type":"","background-media":"","overlay-type":"","overlay-color":"","overlay-opacity":"","overlay-gradient":""},"tablet":{"background-color":"","background-image":"","background-repeat":"repeat","background-position":"center center","background-size":"auto","background-attachment":"scroll","background-type":"","background-media":"","overlay-type":"","overlay-color":"","overlay-opacity":"","overlay-gradient":""},"mobile":{"background-color":"","background-image":"","background-repeat":"repeat","background-position":"center center","background-size":"auto","background-attachment":"scroll","background-type":"","background-media":"","overlay-type":"","overlay-color":"","overlay-opacity":"","overlay-gradient":""}},"ast-content-background-meta":{"desktop":{"background-color":"var(--ast-global-color-5)","background-image":"","background-repeat":"repeat","background-position":"center center","background-size":"auto","background-attachment":"scroll","background-type":"","background-media":"","overlay-type":"","overlay-color":"","overlay-opacity":"","overlay-gradient":""},"tablet":{"background-color":"var(--ast-global-color-5)","background-image":"","background-repeat":"repeat","background-position":"center center","background-size":"auto","background-attachment":"scroll","background-type":"","background-media":"","overlay-type":"","overlay-color":"","overlay-opacity":"","overlay-gradient":""},"mobile":{"background-color":"var(--ast-global-color-5)","background-image":"","background-repeat":"repeat","background-position":"center center","background-size":"auto","background-attachment":"scroll","background-type":"","background-media":"","overlay-type":"","overlay-color":"","overlay-opacity":"","overlay-gradient":""}},"footnotes":""},"class_list":["post-1196","page","type-page","status-publish","hentry"],"_links":{"self":[{"href":"https:\/\/www.sumplastecnic.es\/plasticos-personalizados\/wp-json\/wp\/v2\/pages\/1196","targetHints":{"allow":["GET"]}}],"collection":[{"href":"https:\/\/www.sumplastecnic.es\/plasticos-personalizados\/wp-json\/wp\/v2\/pages"}],"about":[{"href":"https:\/\/www.sumplastecnic.es\/plasticos-personalizados\/wp-json\/wp\/v2\/types\/page"}],"author":[{"embeddable":true,"href":"https:\/\/www.sumplastecnic.es\/plasticos-personalizados\/wp-json\/wp\/v2\/users\/2"}],"replies":[{"embeddable":true,"href":"https:\/\/www.sumplastecnic.es\/plasticos-personalizados\/wp-json\/wp\/v2\/comments?post=1196"}],"version-history":[{"count":3,"href":"https:\/\/www.sumplastecnic.es\/plasticos-personalizados\/wp-json\/wp\/v2\/pages\/1196\/revisions"}],"predecessor-version":[{"id":1200,"href":"https:\/\/www.sumplastecnic.es\/plasticos-personalizados\/wp-json\/wp\/v2\/pages\/1196\/revisions\/1200"}],"wp:attachment":[{"href":"https:\/\/www.sumplastecnic.es\/plasticos-personalizados\/wp-json\/wp\/v2\/media?parent=1196"}],"curies":[{"name":"wp","href":"https:\/\/api.w.org\/{rel}","templated":true}]}}

<div data-elementor-type="wp-page" data-elementor-id="1196" class="elementor elementor-1196" data-elementor-post-type="page">
						<section class="elementor-section elementor-top-section elementor-element elementor-element-f844d19 elementor-section-stretched elementor-section-full_width elementor-section-height-default elementor-section-height-default" data-id="f844d19" data-element_type="section" data-e-type="section" data-settings="{&quot;stretch_section&quot;:&quot;section-stretched&quot;}">
						<div class="elementor-container elementor-column-gap-default">
					<div class="elementor-column elementor-col-100 elementor-top-column elementor-element elementor-element-f96175f" data-id="f96175f" data-element_type="column" data-e-type="column">
			<div class="elementor-widget-wrap elementor-element-populated">
						<div class="elementor-element elementor-element-9108eb2 elementor-widget elementor-widget-text-editor" data-id="9108eb2" data-element_type="widget" data-e-type="widget" data-widget_type="text-editor.default">
				<div class="elementor-widget-container">
									<p><b>RESPONSABLE DEL TRATAMIENTO</b></p><p>De conformidad con la normativa vigente de Protección de Datos de Carácter Personal le informamos que los datos proporcionados serán incorporados al fichero de clientes cuyo titular y responsable es 3 OPAL CENTRAL DE ENVASES, S.L.L  con CIF: B86719770 y con dirección postal es Ctra. M 111 km 8 28860 PARACUELLOS DE JARAMA teléfono 911337027 y dirección de correo electrónico administracion@centraldeenvases.es</p><p><b>FINALIDAD DEL TRATAMIENTO</b></p><p><br />En <strong>3 OPAL CENTRAL DE ENVASES SLL</strong>, tratamos la información que nos facilitan las personas interesadas con el fin de:</p><p>– Registro para acceso a nuestra web, gestionar la relación contractual de la venta de los productos ofertados por Central de Envases.</p><p>Exigencia de la gestión administrativa y contable, como la emisión y envío de facturas y cumplimiento de las leyes aplicables en materia fiscal y mercantil que le son de aplicación.</p><p>– Permitir, con su consentimiento explícito, la realización por <strong>3 OPAL CENTRAL DE ENVASES SLL</strong> de acciones de marketing de los productos y servicios de información comercial y promociones, formación, seminarios, eventos, información comercial y actividades promocionales, incluido el envío de comunicados y material publicitario a través de aplicaciones de mensajería digital. Para esta finalidad sus datos serán conservados hasta la revocación del consentimiento de prestarles el servicio solicitado, realizar la facturación del mismo, informar sobre nuestros productos, mantener contacto directo por correo electrónico o llamada telefónica y en definitiva poder atender los compromisos derivados de la relación comercial.</p><p><b>¿Por cuánto tiempo conservaremos sus datos?</b></p><p><br />Los datos personales proporcionados se conservarán mientras se mantenga la relación mercantil, durante los años necesarios para cumplir con las obligaciones legales o no se solicite su supresión por el interesado durante un plazo de 5 años a partir de la última confirmación de interés.</p><p><b>¿Cuál es la legitimación para el tratamiento de sus datos?</b></p><p><br />Los datos personales que nos proporcione serán utilizados por <strong>3 OPAL CENTRAL DE ENVASES SLL</strong> para las siguientes finalidades:</p><p>– Registro para acceso a nuestra web, gestionar la relación contractual de la venta de equipamiento y servicios informáticos.</p><p>Registro en el sitio web para el acceso a los productos y servicios ofertados por <strong>3 OPAL CENTRAL DE ENVASES SLL</strong> a clientes y como requisito previo a la suscripción y ejecución de contratos de venta y tutela de posiciones de crédito.</p><p>Exigencia de la gestión administrativa y contable, como la emisión y envío de facturas y cumplimiento de las leyes aplicables en materia fiscal y mercantil que le son de aplicación. Para esta finalidad sus datos serán conservados durante el periodo establecido por ley.</p><p>– Permitir, con su consentimiento explícito, la realización por <strong>3 OPAL CENTRAL DE ENVASES SLL</strong> de acciones de marketing de los productos y servicios de información comercial y promociones, formación, seminarios, eventos, información comercial y actividades promocionales, incluido el envío de comunicados y material publicitario a través de aplicaciones de mensajería digital. Para esta finalidad sus datos serán conservados hasta la revocación del consentimiento.</p><p><b>Cookies</b></p><p><strong>3 OPAL CENTRAL DE ENVASES SLL</strong> le informa que al acceder al sitio web se podrán enviar cookies a su ordenador según las modalidades descritas en la política de cookies recogida en las condiciones de uso de la web.</p><p><b>Comunicación y Cesión de datos a terceros</b></p><p>Los datos facilitados podrán ser comunicados a:</p><p>– Autoridades fiscales, aduaneras y otras administraciones públicas, así como autoridades competentes en cumplimiento de la normativa aplicable.</p><p>– Entidades bancarias y entidades de gestión de pago.</p><p>– Sujetos que realicen actividades de transporte o envío.</p><p>– Despachos de abogados, consultoras y aseguradoras de riesgos de impago, así como sujetos encargados de la contabilidad o de la auditoría de CENTRAL DE ENVASES, SLL</p><p>– Fabricantes o proveedores de los productos suministrados.</p><p>En la medida estrictamente necesaria para la ejecución de la relación contractual, con sus datos personales pueden cederse a terceros enumerados a continuación, ubicados tanto dentro de la Unión Europea como fuera de la misma. En el caso de transferencia fuera de la UE ésta estará regulada por contratos específicos diseñados para exigir que el destinatario cumpla con las garantías iguales o superiores a las establecidas en la Unión Europea.</p><p>Los datos personales no serán, en ningún caso, objeto de difusión.</p><p><strong>3 OPAL CENTRAL DE ENVASES SLL</strong> contrata su infraestructura virtual según un modelo de “computación en la nube” a través de AWS y al amparo del acuerdo EU-US Privacy Shield. – Información disponible en: <a href="https://mailchimp.com/">https://mailchimp.com/</a>  <a href="https://mailrelay.com/es">https://mailrelay.com/es</a></p><p><b>¿Cuáles son sus derechos cuando nos facilita sus datos?</b></p><p><br />Usted puede ejercer los derechos sobre los datos suministrados recogidos en el art. 3 del RGPD de acceso, rectificación o supresión, limitación de tratamiento o posición del tratamiento de los datos personales facilitados.</p><p>Puede ejercer dichos derechos o revocar los consentimientos del tratamiento dados enviando una petición al correo electrónico administracion@centraldeenvases.es, incluyendo una copia del DNI.</p><p>Para el ejercicio de los derechos o cualquier aclaración que precise puede dirigir un correo electrónico a administracion@centraldeenvases.es, acreditando ser titular de los datos sobre los que quiere ejercer esos derechos.</p><p>Le informamos que usted puede presentar una reclamación ante la Autoridad de Control en materia de Protección de Datos competente si no obtiene satisfacción en el ejercicio de sus derechos.</p>								</div>
				</div>
					</div>
		</div>
					</div>
		</section>
				</div>

<p>RESPONSABLE DEL TRATAMIENTO De conformidad con la normativa vigente de Protección de Datos de Carácter Personal le informamos que los datos proporcionados serán incorporados al fichero de clientes cuyo titular y responsable es 3 OPAL CENTRAL DE ENVASES, S.L.L&nbsp; con CIF: B86719770 y con dirección postal es Ctra. M 111 km 8 28860 PARACUELLOS DE [&hellip;]</p>
